 n - t*n + 855, -2*k - n + 1698 = 0. Is k a prime number?
False
Let x(d) = -d + 7. Let j be 9/(-12)*-2*2. Let p be x(j). Suppose 1570 = -2*o + p*o. Is o a composite number?
True
Let x be (6 - ((-125)/15 + 6))*471. Suppose 5*d - 3*w - x = 0, w = -0*w. Is d a prime number?
False
Let p = 5998 - 910. Suppose -2*l - l = 9105. Let b = l + p. Is b a composite number?
False
Let x = 92125 - 63482. Is x a prime number?
True
Let g = 34 - 31. Suppose -29 = -g*m - 0*w - 5*w, -2*w + 20 = 4*m. Suppose -j + 1534 = 2*t + m*t, 306 = t + j. Is t a prime number?
True
Is 67/536 + 458391/8 prime?
False
Let o(i) = 97*i**2 + 115. Is o(28) prime?
True
Let r(q) = 908*q**2 - 2*q - 361. Is r(-15) a composite number?
False
Let b(w) = -12*w**2 - 3*w - 3. Let m be b(-2). Let s = m - -45. Suppose s*r + 5*r - 745 = 0. Is r composite?
False
Is (1/(-1))/((-20)/(-100)) - (1 + -116327) prime?
False
Let v = -21274 - -42528. Is (v/(-4))/(39/(-18) + 2) composite?
True
Suppose -188*a - 32*a = -22*a - 25501410. Is a prime?
False
Let w be (-4 + (-156)/8)*-8. Let b = 253 + w. Is 0 + (-2 - 2) + b composite?
True
Let d(g) = 5032*g + 202. Is d(12) a prime number?
False
Suppose 60846 - 18718 = 16*r. Is r a prime number?
True
Suppose 5*o + 3*q + 56 = 0, 5*q + 10 + 0 = 0. Let c = -5 - o. Suppose c*m + 25 = 0, -s + 4*m + 1129 = -0*s. Is s prime?
True
Let y be (14/(-91) - 42/65)*-5. Suppose 6*k + 2*n = y*k + 996, 3*k - 1500 = 3*n. Is k prime?
True
Let o(m) = m**2 + m + 11. Suppose 0 = 8*g - 7 - 257. Let h be 12/(-15)*(g/(-6) + -2). Is o(h) prime?
True
Let a = -279 + 1486. Let z = 984 + -526. Let u = a - z. Is u a prime number?
False
Suppose j - 3*h = h + 12, -4*j + 5*h = -26. Suppose -8*c + 4*c = 3*n - 45, j*n - 12 = 0. Is 3*(-3)/c*-4373 a prime number?
True
Let t be 109/(5*5/100*4). Suppose -3*x = 2*u - t, -3*u - 6*x = -4*x - 161. Is u a prime number?
True
Let p(n) = 4600*n - 2334. Is p(35) composite?
True
Suppose -4*u = -3*j - 21847, 15*u + 2*j - 5459 = 14*u. Is u prime?
False
Let i be 6/(-8)*(-296)/111. Suppose 0 = -z + 3*c + 248, -3*z - c - i*c = -756. Is z composite?
False
Let b be (205/2)/((78/12)/13). Suppose 7*m - b = 6214. Is m composite?
True
Let k(b) be the second derivative of b**4/12 - b**3/3 + 6220*b**2 + 10*b. Let c be k(0). Suppose -5*z = -2735 - c. Is z a composite number?
True
Suppose -18 + 144 = 6*v. Let k(r) = 43*r + 164. Is k(v) a composite number?
True
Suppose -1109084 = -t + 5*n, 82*t - 78*t + 3*n = 4436451. Is t prime?
False
Let n(x) = 14*x**2 - 19*x - 184. Suppose -74 = -3*u - v - 97, -2*u - 3*v - 20 = 0. Is n(u) composite?
True
Suppose -8 = 6*v - 2. Let a be 5 + v + 0 + -2. Is a/6*-14*10365/(-10) composite?
True
Suppose -3*o = -450*s + 454*s - 3063793, 0 = 3*s - 4*o - 2297901. Is s a prime number?
False
Is (429507/156 + 28/4)/(2/8) prime?
False
Let s be (1 - 1/3)/((-20)/150). Let r be 1/((-2)/(-2650)) + (-6 - s). Suppose r = 7*i - 3*i. Is i prime?
True
Is (4456*(-17)/(-476))/((-2)/(-7)) composite?
False
Let y(d) = -d**2 + 16*d + 18. Let o = -67 + 84. Let z be y(o). Is z/2*(-15274)/(-7) a composite number?
False
Suppose 11090 - 277 = a - g, -4*a = 4*g - 43204. Is a composite?
True
Suppose 2*o = 4*q - 5*q + 35, -2*o = 5*q - 159. Suppose -50122 = 12*h - q*h. Is h a composite number?
True
Let v = 147031 - 100632. Is v a composite number?
False
Suppose 6*i = -72 + 192. Suppose 10*k = 5*k + i. Suppose 0*g = 3*g - 5*m - 499, k*g = -5*m + 607. Is g a composite number?
True
Let m(v) = -45*v - 26. Let f(x) = -89*x - 51. Let g(z) = 3*f(z) - 5*m(z). Let o(h) = -h**2 + 28*h - 13. Let s be o(28). Is g(s) a composite number?
False
Let f(l) = -l**3 - 12*l**2 + 24*l - 22. Let j be f(-14). Suppose j*x - 32*x - 590 = 0. Is x a composite number?
True
Suppose 0 = -2*o + 10, -69129 - 56251 = -2*u + 2*o. Is u a composite number?
True
Let m(y) = 47 + 689*y - 168*y + 46 - 31. Is m(13) a prime number?
False
Let m be 130/(-14) - (2/(-7))/1. Let k(c) = -127*c - 1. Let v be k(m). Suppose 4*l + 2297 = 4*a + 9*l, -2*a = -4*l - v. Is a prime?
False
Let y(v) = -1831*v - 91. Suppose -5 = -5*o + 10*o, -5*m - o - 21 = 0. Is y(m) prime?
False
Let l = -130004 + 185853. Is l prime?
True
Suppose 116*i - 83941 = 23*i + 644342. Is i a composite number?
True
Suppose -155*g + 117*g + 5426818 = 0. Is g a composite number?
False
Let k = 774351 + -542618. Is k a composite number?
True
Suppose 0 = -12*f + 16*f - 56. Suppose f*n = 10*n. Suppose 2*z + w - 183 = n, 3*w - 3 = 4*w. Is z a prime number?
False
Let q(w) = -7655*w + 15. Let g(z) = -3827*z + 8. Let d(u) = 7*g(u) - 3*q(u). Let p be d(-3). Suppose 18*x = p + 11611. Is x a prime number?
True
Let q(b) be the second derivative of -2*b**3 + 93*b**2/2 + 69*b - 1. Is q(-4) prime?
False
Let j(f) = f**3 - 3*f**2 + 2*f - 2. Let k be j(3). Let h(s) = k*s**3 - s**2 - 2*s + 216 + 203 - 3*s**3 + 4*s. Is h(0) composite?
False
Suppose p - 19870 = -4*p. Suppose -5*n + 0*b - b + p = 0, -n = 3*b - 806. Let k = n + 83. Is k a composite number?
False
Suppose 13245 = -2*c - 3*c - 5*k, -c = -3*k + 2657. Let w = c - -4050. Is w a prime number?
True
Let i(m) = 25*m**2 + 116*m + 16. Let o(k) = 6*k**2 + 29*k + 4. Let l(w) = -2*i(w) + 9*o(w). Let t be l(-7). Is (2/t - 0)/((-14)/54789) a prime number?
True
Suppose -3*p + n = -8506293, 0 = -2*p - 3*n + 2143576 + 3527264. Is p a prime number?
False
Let j = -287397 + 712028. Is j prime?
False
Let u be 31962/16 - 66/(-176). Suppose 4*h = -x + u, -2*h - 2505 = -7*h - 5*x. Is h composite?
False
Let r(x) = -x**2 + 33*x + 7. Let f(o) = 32*o + 7. Suppose -2*m + 0*m = -10. Let z(s) = m*f(s) - 6*r(s). Is z(21) a prime number?
False
Suppose 3*o + 976 = -4*m + 3462, 3*o = -2*m + 1240. Let a = m + -121. Is a a prime number?
False
Suppose 7*n = 10*n - 15. Suppose -n*t + 0*j + 6215 = -3*j, -3*t + j = -3729. Is t a prime number?
False
Suppose -23*w + 20 = 135. Is 2 + w/3 - (-47238)/9 prime?
False
Suppose 0 = 4*v - 3*v - 0*v. Suppose -2*j = -15 - 5. Suppose v = -2*d + 772 + j. Is d composite?
True
Suppose 3*k - 195 = -2*j + 5*j, -5*k - j = -331. Suppose -70*y = -k*y - 708. Is y prime?
False
Let y(k) = 1014*k**2 - 64*k + 1747. Is y(54) a composite number?
True
Suppose -2*u = -5*g - 26 + 6, 0 = g + 4*u + 26. Let h(y) = -62*y + 71*y + 5 - 83*y. Is h(g) a composite number?
False
Let m(o) = -10*o**3 - 7*o**2 - 7*o + 25. Let n be m(-15). Suppose 5*y + n = 5*v, 4*v - 2*v - y = 12920. Is v a prime number?
False
Suppose -144781 = 24*s - 2454495 - 134998. Is s a composite number?
False
Suppose u - 1 - 9 = 0. Let z be u/15*-3 - (1 + -8169). Suppose 0*p + z = 6*p. Is p a composite number?
False
Let a(w) = w**3 + 20*w**2 - 44*w + 21. Let t be a(-22). Let u(j) = -j**3 + 23*j**2 + 28*j + 71. Is u(t) a prime number?
False
Let d(q) = -15*q**3 + 1161*q**2 + 96*q - 29. Is d(77) a composite number?
False
Let g(k) = -3*k**3 + 39*k**2 + 10*k + 33. Let s be g(-15). Let f = -4844 + s. Is f composite?
True
Let v(s) = s**2 + 2*s - 11. Let x be v(-5). Let d be (-408)/(-108) + x/18 + -2. Suppose 0 = -d*z + 1698 + 92. Is z a composite number?
True
Let y be 95/(0 + -1)*(-10)/25. Suppose 0 = -36*x + y*x - 36458. Is x prime?
True
Let j be (-36)/20*(-1 + -4). Suppose 0 = -3*r - 2*u + 51151, j*r - 14*r = -5*u - 85235. Is r a composite number?
True
Let z(n) = -n**3 - 9*n**2 - 17*n - 24. Let k be z(-7). Is 11846/k*3/(-2) composite?
False
Let t be (-119)/(-34)*(1 - (-10 - -1)). Let u = 42 - t. Is (1 + 0)/(u/23555*5) composite?
False
Let u = 28394 + 102563. Is u a prime number?
True
Let h(k) = k**2 - 15*k + 54. Let i be h(6). Suppose 7*j - 28552 - 20448 = i. Suppose j = 7*x - 21637. Is x a prime number?
True
Is 54768 - -3 - (7 + -17) prime?
False
Suppose 0 = -7*n + n + 6. Let v(b) = -b**3 + b**2 + 1. Let r(y) = -1358*y**3 - 3*y**2 + 4*y + 1. Let i(d) = n*r(d) + 3*v(d). Is i(-1) composite?
False
Let k(n) = 642*n - 45. Is k(46) composite?
True
Let y(p) = -p**3 - 18*p**2 + 18*p - 17. Let s be y(-19). Suppose -2 = -3*h + s*h. Suppose -h*x - 5*r = x - 684, -1103 = -5*x + 4*r. Is x a composite number?
False
Let v(n) be the second derivative of n**5/4 - n**3/6 - 9*n**2/2 + n. Suppose -506*y = -513*y + 28. Is v(y) a prime number?
True
Suppose 9235470 = 226*n - 9612750 - 3756074. Is n a prime number?
True
Let y = 13 - 11. Let a be 1/(y*(-3)/36). Is (0 - 2/a) + 10010/39 prime?
True
Let s = 22 + -17